-122)/(-6). Calculate the highest common factor of 147 and o.
21
Suppose -13 = 2*z - 59. Suppose -4*g + 3 = -13, 0 = -2*u - 2*g + 18. Suppose u*n = 99 + 936. Calculate the highest common divisor of n and z.
23
Let f(r) = -4*r - 51. Let z be f(-13). Let g(q) = 197*q**2 + 3*q - 2. Let t be g(z). Calculate the highest common divisor of 22 and t.
22
Let x = -969 - -988. Calculate the greatest common divisor of x and 19.
19
Let q = -8 + 12. Suppose -5*z + q*w + 19 = -0, 0 = 4*z + w - 11. Suppose 4*n + m - 36 = 5*m, -m - 37 = -z*n. Calculate the greatest common factor of 154 and n.
14
Let y(b) = 3 - 5*b**2 - 6*b + 0 + b**3 - 2 - 3*b. Let o be y(8). What is the highest common factor of 11 and o?
11
Let q = 1281 + -1199. Calculate the greatest common divisor of q and 369.
41
Let f(i) = 2*i - 26. Let r be f(13). Let q = 6 + r. Let z(j) = 4*j**2 - 3*j + 2. Let l be z(2). Calculate the highest common factor of q and l.
6
Suppose 174 = -4*l + 1590. What is the highest common factor of 6 and l?
6
Suppose u + 4*m - 407 = 0, -34*u = -39*u - 2*m + 1945. What is the greatest common factor of u and 3?
3
Let n be (-1)/(-5) + (-1018)/(-10). Suppose 0 = 37*s - 11*s - 884. What is the highest common factor of n and s?
34
Let z(q) = 4*q**2 + 2*q - 28. Let w be z(6). What is the greatest common divisor of w and 80?
16
Let u be (513/45)/(6/20). Calculate the highest common factor of u and 20.
2
Let y = 16 - 6. Let p = 233 - 133. Suppose -2*h + c = -c - 170, -4*c = -h + p. Calculate the highest common divisor of y and h.
10
Let t be 1/2*6/3. Suppose -t + 4 = -x. Let m be (40/24)/((-1)/x). What is the greatest common factor of m and 5?
5
Let u(g) = 51*g - 6. Let n be u(1). Calculate the highest common divisor of n and 36.
9
Let u = -1 - -2. Let m be 16*(2/(-8) + u). Let j = -90 + 198. Calculate the highest common divisor of j and m.
12
Let q be -4 - (42/(-14) - (3 - -1)). Let h be 46/q - 18/(-27). Calculate the greatest common factor of h and 40.
8
Let w(l) = l**3 + 3*l**2 - 3*l - 7. Let p be w(-3). Suppose -6*u + u - 60 = -5*f, -24 = -p*f + 4*u. What is the highest common divisor of f and 24?
12
Suppose -2*d = 2*p - 42, -3*d + 0*p = -2*p - 58. Suppose -16 = -6*k + d. Let c = -42 - -108. Calculate the highest common divisor of c and k.
6
Let k be ((-1 - 5) + 17)*1. What is the greatest common factor of 55 and k?
11
Let o(m) = m**2 - 29*m - 44. Let q be o(51). What is the highest common factor of 44 and q?
22
Suppose 0 = n, 3*x - 63 = -4*n + 51. Let m = x + 2. What is the greatest common factor of m and 100?
20
Let g be 3395/39 + 64/(-1248). Calculate the highest common divisor of g and 2001.
87
Suppose 0 = 2*f - f - x - 8, -2*f + 13 = -x. Let i be ((-2)/(-5))/(1/f). What is the highest common factor of 4 and i?
2
Suppose 9*g - 4524 = -30*g. What is the highest common factor of 87 and g?
29
Suppose 5*i - 32 = i. Let o be 5/((-20)/i) + 10. Suppose 0 = 3*n - 17 + 5. Calculate the highest common divisor of o and n.
4
Suppose 511 = 3*r + 79. Let t = 148 + -139. Calculate the highest common factor of t and r.
9
Suppose 0 = -3*m - u + 3*u + 28, 0 = 4*u + 20. Let c be 3 - 1 - m/((-18)/93). Calculate the highest common factor of 3 and c.
3
Suppose -1980 = -31*c - 2*c. What is the greatest common factor of 1410 and c?
30
Let f = -156 - -271. What is the highest common divisor of f and 23?
23
Let q(o) be the second derivative of o**4/12 - o**3/6 + 4*o. Let b be q(-5). Let l = 240 + -234. Calculate the highest common factor of b and l.
6
Let t(m) = -3*m - 27. Let f be t(-11). Let i = 48 - f. Calculate the greatest common factor of 98 and i.
14
Suppose -4*u + 370 = 146. What is the greatest common factor of 70 and u?
14
Suppose 0 = 2*o - 3*a - 249 - 34, -5*o = 5*a - 695. What is the greatest common divisor of 56 and o?
28
Suppose -x + 661 = 2*m + 240, 4*m = 4*x + 836. What is the greatest common divisor of m and 336?
42
Suppose 5*i - 106 - 339 = 4*h, 5*h = 0. Let f be i + 5/((-5)/2). What is the highest common divisor of f and 29?
29
Suppose 18*p + 18 = 17*p. Let b(c) = -5*c - 80. Let m be b(p). Calculate the greatest common divisor of m and 50.
10
Suppose -4*f + 5*p = -21, -7 = -3*f - 5*p - 0*p. Calculate the greatest common factor of f and 22.
2
Let k be 50 + -2 + 2 + 2. Let v = k + -44. What is the highest common divisor of 40 and v?
8
Let h be (-499)/3 + (-8)/(-6). Let d = h + 197. What is the highest common divisor of 112 and d?
16
Suppose -g + 5*k - 3*k = -12, -63 = -4*g + 3*k. Suppose c + 0*c = g. Suppose 79 - 295 = -3*n. What is the greatest common divisor of n and c?
18
Let g(i) be the second derivative of i**5/20 - i**4/2 + 2*i**3/3 - 2*i. Let w be g(6). What is the highest common divisor of 16 and w?
8
Let f = -24 - -22. Let n(a) = -18*a - 1. Let j be n(f). What is the highest common factor of 140 and j?
35
Suppose -6*d = -9*d + 150. Suppose 3*i = -4*o + 341, -320 = o - 5*o + 4*i. Suppose -3*f + o = 8. Calculate the highest common factor of f and d.
25
Let j = 50 + -43. Suppose 39 = 5*g - 1. Let i = -1 + g. Calculate the highest common factor of j and i.
7
Suppose 0*s = -12*s + 72. Let m be 2862/24 - s/(-8). What is the greatest common divisor of 24 and m?
24
Let t(j) = 15 - 4*j - 12 + j**2 + 0*j. Let v be t(-4). Let q = v + 140. Calculate the greatest common factor of q and 25.
25
Let d be 18*(-1)/3*-14. Suppose 9*j + 333 = 90*j - 153. Calculate the highest common divisor of d and j.
6
Let x(f) = -f**2 - 14*f - 9. Let v be x(-11). Suppose 51 + 71 = 5*c + 3*w, 5*w = 2*c - v. Calculate the highest common factor of c and 11.
11
Let a = 2985 - 2864. Calculate the greatest common divisor of a and 66.
11
Let a(r) = r**2 - 9*r - 12. Let g be a(-5). Let u = -88 + g. Let y be (-1013)/(-5) + (-12)/u. Calculate the greatest common divisor of 29 and y.
29
Suppose 4*h + 3*q = -18, q + 0 = -5*h - 28. Let u be 4/(-5)*225/h. Let d be (16/10)/(3/u). Calculate the highest common factor of d and 176.
16
Suppose -3*f + 8 = -c + 4, 0 = -5*f - 3*c + 2. Let j(x) = 13*x**3 - 3*x**2 + x + 1. Let o be j(f). What is the greatest common divisor of o and 12?
12
Let f(a) = a**3 - 5*a**2 - 11*a - 16. Let v be f(7). Suppose -v*d - o = -1004, 5*d = 2*o + 744 + 248. What is the highest common factor of d and 25?
25
Let d = 8 + -1. Let w = d - 6. Suppose 0 = -2*q + 11 + w. Calculate the greatest common factor of 12 and q.
6
Suppose -2*d = 4*t - 244, 0 = -5*t - d + 2*d + 319. What is the greatest common factor of 21 and t?
21
Suppose -4*q + 2*l + 2*l = -28, -2*q - l = -14. Let s be q + 6/(-1 + -1). What is the highest common divisor of s and 10?
2
Let d = 199 - 133. Suppose -32*m + d = -26*m. Calculate the highest common factor of m and 209.
11
Suppose -4*y - 5 = -325. Let n = y + -30. What is the highest common factor of 10 and n?
10
Suppose 0 = 141*g - 135*g - 9348. What is the highest common divisor of 38 and g?
38
Let j be 30/(9/(-4) + 2). Let z be (-24)/j*35*1. Calculate the greatest common factor of 7 and z.
7
Suppose -u - 355 = -3*z, 4*u + 425 = 4*z - 35. What is the highest common divisor of 96 and z?
24
Let l be (-4)/14 - 37/(-7). Let s = 106 + 7. Suppose -3*k + 169 = 5*p, -3*p + 8*k + s = 4*k. Calculate the greatest common factor of l and p.
5
Let s be 3/(-2)*(-1 + (-2 - 5)). Calculate the greatest common factor of 12 and s.
12
Let z be (-164)/(-32) + 5/(-40) + 451. Calculate the highest common factor of z and 192.
24
Let m(r) = r**2 + 5*r + 2. Let j be m(-6). Suppose -y = -9 - j. Calculate the highest common factor of 119 and y.
17
Suppose 0 - 4 = -2*o, 21 = 5*i + 3*o. Suppose -f + i - 2 = 0. What is the highest common factor of 7 and f?
1
Let y(g) = g**3 - 8*g**2 + 3. Let t be y(8). Let n(s) = -s**3 - s**2 - 2*s - 4. Let d be n(-3). Let h = 32 - d. What is the greatest common factor of t and h?
3
Let c be (-451)/(-4) - (-18)/(-24). Let h = -110 + c. What is the highest common divisor of h and 16?
2
Let x = -186 - -270. Suppose m + 2*m - 3*g = 66, 80 = 4*m + 4*g. What is the greatest common factor of m and x?
21
Let p = 976 + -184. Calculate the greatest common factor of 33 and p.
33
Suppose 3*l - 5*i + 0*i = 0, 2*l - 5*i = 0. Suppose -f + l*p = -2*p - 99, -f + 99 = 4*p. Calculate the greatest common factor of f and 33.
33
Let l be (-4 + 54/12)/((-2)/(-184)). Suppose 0 = 4*q - 4*u - 82 - l,